 - 5*t**2. Calculate m(-6).
1
Let s(i) = i**2 - 15*i + 24. Suppose 0*m + 3*m + 5*a - 59 = 0, 6 = 2*m - 5*a. Calculate s(m).
-2
Let b(h) = -8*h**2 - 2*h - 1. Suppose -5*a - 5*v = 15, -a = 59*v - 62*v - 5. Calculate b(a).
-7
Suppose 5*t + 385 = -5*l, t - 67 = l - 0*t. Let o be (3/9)/(12/l). Let n(f) = -2*f + 2. Calculate n(o).
6
Let b(h) be the second derivative of 5*h - 3/2*h**2 + 0 + 1/6*h**3. Let c be (4/24*0)/1. Give b(c).
-3
Let i(y) = -y**3 + 68*y**2 - 70*y + 204. Let d be i(67). Let z(s) = -11*s**2 - s + 13. What is z(d)?
-89
Suppose f + 4*c = -0*c + 4, -3*f + 2*c = -12. Let g(i) = i**2 - 7*i. Let k be g(f). Let y = -6 - k. Let l(t) = -t**3 + 7*t**2 - 7*t + 7. Determine l(y).
1
Let o(c) = 2634 - 869 - 877 - 5*c - 880. Calculate o(0).
8
Let m(z) = 15*z. Let l(f) = -15*f - 1. Let t(r) = 6*l(r) + 5*m(r). Let h be t(0). Let n(x) = -x**2 - 7*x + 1. What is n(h)?
7
Let d = 26880 + -26872. Let b(w) = -13*w + 117. Determine b(d).
13
Let k(h) be the third derivative of -h**6/120 + h**5/15 + 13*h**4/24 - 17*h**3/3 + 3788*h**2. Calculate k(5).
6
Let x be ((-2)/2 + 2)*7. Suppose -99 = 78*b - 411. Suppose x - 27 = b*j. Let n(s) = -s**3 - 5*s**2 - s + 2. Calculate n(j).
7
Let x(g) = g**2 - 6*g + 6. Suppose -14*j = -16*j + 4. Suppose 4*r = 2*d + 10, 4*d - j = 2*r + 2. Give x(r).
-2
Let i(j) be the first derivative of -j**4/6 + 2*j**3/3 - 5*j**2/2 + 40*j - 73. Let n(h) be the first derivative of i(h). What is n(2)?
-5
Let m(j) = -2*j + 2. Let w be m(-9). Let p be -2 + 2/w*8*-55. Let x = 43 + p. Let c(d) = d**3 + 4*d**2 + 4. Determine c(x).
13
Let q(i) = -i**2 + 7*i + 2. Let s = -15 - 300. Let f = -308 - s. Determine q(f).
2
Suppose -2*w - 6 = 4*w. Let s be (-1185)/(-135) + w + 11/9. Let q(j) = j**2 - 9*j - 8. Calculate q(s).
-8
Let u = 14 - 10. Suppose 24 = 3*t + 3*a, u*t = 3*a + a + 48. Let w(d) = -1 - d - 1 + t. Give w(5).
3
Let h(m) = m**3 + m**2 + 4*m - 4. Suppose -176*z + 177*z = -4*q - 1, -5*z - 26 = -q. What is h(q)?
2
Let l(a) = 2*a + 4156*a**2 + 0 - 1 + 4145*a**2 - 8294*a**2 - a**3 - 10. Give l(7).
3
Let h = -7 - -2. Let u(m) be the third derivative of -1/12*m**4 + 0 + 24*m**2 - 1/2*m**3 + 2*m. Calculate u(h).
7
Let n(g) = 2*g**2 + 11*g - 43. Suppose 3*m + 21 = 17 - 20. Calculate n(m).
-3
Let f(i) = -10*i - 36. Let z(o) = -47*o - 1837. Let v be z(-39). Calculate f(v).
4
Let w(p) be the second derivative of -p**5/20 + p**4 - 13*p**3/3 - p**2 + 242*p. Give w(3).
1
Let p be 20*6/(-4)*54/(-162). Let c(r) be the first derivative of 9 - 1/2*r**2 - p*r. Give c(-5).
-5
Suppose -5*x + 53 = -62. Let c = -16 + x. Let z(j) = -j - c + 4 + j**2 + 0. Give z(-3).
9
Let c(q) be the first derivative of -q**5/20 + 19*q + 33. Let h(r) be the first derivative of c(r). Give h(3).
-27
Let o(h) = -2*h - 20. Suppose -142 = -18*k - 52. Suppose -5*a - 5 = k, 5*s = -5*a - 85. Give o(s).
10
Let n(w) be the second derivative of w**5/20 - 7*w**4/12 - 2*w**3 + w**2/2 + 8*w - 73. Suppose 0*g - 5*g = -40. Give n(g).
-31
Let g be (87696/(-360))/(-203)*(-5)/3*-1. Let c(l) be the second derivative of -l**5/20 + l**4/4 - l**3/6 - l. Determine c(g).
2
Let y be ((-98)/(-84))/((-5)/60). Let p(z) = z**3 + 15*z**2 + 18*z + 24. What is p(y)?
-32
Let y be 171/(-21) + (-5)/(-35). Let b(n) = -7 + n**2 + 13 + 6*n - 6 - 3. What is b(y)?
13
Let b(r) = -9 - 5*r - 15 + 47 - 8 - 11 + r**2. Determine b(-3).
28
Let h(u) be the third derivative of -u**5/60 - 5*u**4/24 - 3*u**3/2 + 1809*u**2. Determine h(-3).
-3
Let b(h) = -h**3 - 18*h**2 - 21*h + 49. Let s(c) = -4*c**3 - 54*c**2 - 62*c + 148. Let i(l) = -7*b(l) + 2*s(l). Give i(19).
29
Suppose 2*a - 21 = p, -3*a - 5*p = 86 - 85. Let v(f) = f**2 - 9*f + 16. Calculate v(a).
8
Suppose 0 = 5*l - 2*l - 207. Suppose 3*a - 8*a - v = 354, 0 = -3*a + 3*v - 216. Let b = a + l. Let w(c) = -6*c + 1. Determine w(b).
13
Let v(k) = -k**3 + 1867 - 1858 + 5*k + 9*k + 13*k**2 + k**2. Determine v(15).
-6
Let a = -458 - -468. Suppose 5*l = q - 35, 0 = -l + q - 13 + a. Let d(u) = -u**2 - 11*u - 12. Give d(l).
12
Let l(o) = o**3 + 8*o**2 + 7*o - 5. Suppose -8*f + 11 = -9*f - j, 2*f = 2*j - 6. Give l(f).
-5
Let w(k) be the third derivative of 3*k**4/8 - 21*k**3/2 - 3*k**2 - 24. Determine w(6).
-9
Let p(h) = -3*h - h**2 + 12*h**2 - 16 + h**3 - 10*h. Let t = 206140 - 206152. Calculate p(t).
-4
Let s(v) = -9 + v - 2*v - 4*v + 3*v. Suppose -3*w + 23 = 4*q + 4, 9 = 2*q + w. Let u be -5 + (-3 - q) + (3 - -1). Determine s(u).
7
Let n(p) be the first derivative of p**5/40 - 5*p**4/24 - 5*p**3/3 + 5. Let y(g) be the third derivative of n(g). Let z = 530 + -526. What is y(z)?
7
Let n(u) = u**2 - 16*u - 80. Let o(d) = 5*d**2 - 62*d - 343. Let m(t) = -9*n(t) + 2*o(t). What is m(-14)?
-50
Let i(o) = -o**2 + 2*o. Suppose 6*h - 5*h - 36 = -2*n, -3*n + 15 = 0. Let x = -22 + h. Suppose t - m - 22 = -x*t, -2*t = 4*m. Determine i(t).
-8
Let a(u) = -2*u**2 + 12*u - 4. Let f(p) = -2*p**2 + 11*p - 4. Let v(l) = -5*a(l) + 6*f(l). Calculate v(3).
-4
Suppose -2*b + 40 = 145*y - 141*y, -b = 2. Let l(z) = z**3 - 10*z**2 - 13*z + 14. Calculate l(y).
-8
Let v(j) = 0 - 2 - 3*j + 1 + j**2. Let l be -26 + -4 + (-133 - -168). Determine v(l).
9
Let h(j) be the third derivative of j**6/120 + j**5/10 - 3*j**4/4 - 7*j**3/6 + 4*j**2 - 278. What is h(-9)?
-88
Let z(j) = -17*j**2 - 21*j - 44. Let v be z(-6). Let f = v - -527. Let s(i) = 4 - i - 6*i**2 - i - i - i**3. What is s(f)?
-14
Let k(h) be the second derivative of 1/12*h**4 + 0 + 66*h + 1/6*h**3 + 1/2*h**2. Give k(-6).
31
Suppose -10*a + 27 = -3. Let p(u) = 0*u**3 + a*u**3 - 5*u**3 - u - 2*u**3 + u**2. Determine p(1).
-4
Let r(u) = -u**3 + 22*u**2 - 40*u - 20. Let p be (546/28)/1 + (-2)/(-4). What is r(p)?
-20
Let q(n) = n**2 - 5*n + 3. Let y be (((-9)/(-4))/1)/(4/(-32)). Let p = y + 22. Suppose s + 1 = p. Calculate q(s).
-3
Let w(f) = -3*f**3 - 2*f**2 + 2*f + 2. Let o(b) = -12*b + 9*b - 24*b - 152 + 2*b. Let r be o(-6). Give w(r).
14
Let a(r) be the second derivative of -r**3/2 + 17*r**2 + 465*r. Give a(-17).
85
Suppose 1548*d - 1612*d = 0. Let p(l) be the second derivative of 0 + 2*l**2 + 1/6*l**3 + 2*l. What is p(d)?
4
Let i(t) be the second derivative of 2*t + 35/12*t**4 + 0*t**2 - 1/6*t**3 - 50. What is i(1)?
34
Let j(p) = -19*p**3 - 6*p**2 + 1. Let o(s) = 20*s**3 + 8*s**2 - 1. Let u(v) = -3*j(v) - 2*o(v). Let c be (-10)/6 - 8/(-12). What is u(c)?
-16
Suppose 123*t + 25*t + 636 = 42*t. Let w(d) = 11*d + 75. Determine w(t).
9
Let k(b) = -3*b**2 + 2*b**3 - 12*b**2 + b + 18 - 11*b. Let p be k(8). Suppose -5 = -i + 2*w, -i + p = -w - 3. Let u(q) = -q**2 + 4*q + 2. Give u(i).
-3
Let g(m) = -17*m**3 - m**2 + 4*m + 2. Let s(q) = 14*q**3 + 2*q**2 - 4*q - 2. Let p(u) = 5*g(u) + 6*s(u). Give p(6).
10
Let h(b) = 1. Let t(i) = -2*i**2 + 6*i - 5. Let c(y) = 4*h(y) + t(y). Let f = -27 - -46. Suppose -18*w + f*w = 4. Give c(w).
-9
Let t(x) = 669*x - 19. Let p(u) = -116*u. Let z(v) = 6*p(v) + t(v). Determine z(-1).
8
Suppose d - 2*m - 11 = -4, -2*m = -5*d + 19. Suppose -236 = d*y - 248. Let t(s) = s - 1. Give t(y).
3
Let a(h) = -12*h - 6*h**2 - h**2 + 6*h + 6*h**2. Let m be a(-5). Let p(w) = -5 + 14*w - 8*w - w**2 + m*w - w. Determine p(9).
4
Let k(a) = a**2 - 7*a - 2. Suppose 4*j = 0, 2*z - 152 = -0*z + 3*j. Let w = 81 - z. Suppose w*v - 9 = 4*v. Determine k(v).
16
Let y(z) be the second derivative of -1/12*z**4 - 7/2*z**2 + 0 - 5/6*z**3 - 211*z. Determine y(-5).
-7
Let j(f) be the first derivative of -7*f**2/2 - 3*f + 1. Suppose 27*p + 42*m - 40*m + 26 = 0, 0 = -2*p + 2*m - 32. Calculate j(p).
11
Let x(p) = -p**2 + 5*p - 7. Let i(v) = -v**3 - v**2 + 44*v - 8. Let f be i(6). Let s(o) be the first derivative of o**2/2 + o - 1. Let y be s(f). What is x(y)?
-7
Let a = -3 + 9. Let i(x) = 7*x**2 + 13*x + 24. Let n(r) = 4*r**2 + 9*r + 14. Let z(d) = -3*i(d) + 5*n(d). Calculate z(a).
-2
Let c(n) = -12 + 0 - 5 + 20 - 2*n. What is c(6)?
-9
Let l(q) = 7*q - 8. Let m(b) = 34*b + 399. Let t be m(-12). Determine l(t).
-71
Let o(z) = 2*z**2 - z + 1. Let w be o(2). Let q = -209 + 212. Let t(r) = 27*r**3 - 3 - 7*r**q - 11*r**3 - 3*r - 7*r**2 + r**2 - 8*r**3. Give t(w).
25
Suppose 30*s = -0*s + 120. Let o(v) = -3 - 5*v**2 - s + 4*v**2 + 0 + 4*v. What is o(5)?
-12
Let d(q) = q**2 + 9*q - 2*q + 677 + 680 + 681 - 2039. Suppose -4*l - 5 = -3*l. Let r be -1*(-12)/10*l. Determine d(